ose -z*d + 8*d - 1605 = 0. Suppose -5*g + 345 = 2*y - 0*y, -2*y + 3*g + d = 0. What is the tens digit of y?
6
Suppose 0 = -13*u + 5*u + u. Suppose u = -3*l - 3*t + 1488, -4*l + 4*t + 2516 = l. What is the hundreds digit of l?
5
Let b(v) = -v**2 + 46*v + 10. Let s be b(33). Let x = s - 193. What is the tens digit of x?
4
Let l be (-1 - (2 - -2)) + 11510. What is the hundreds digit of l/35 - 0 - (-10)/35?
3
Suppose -7*d + 12014 = i - 18*d, 2*d = 5*i - 59858. What is the ten thousands digit of i?
1
Suppose t = -4*g - 5, 0 = -g - 4*t + 120 - 125. Let o(w) = 0 - 93*w + 1 - 4. What is the tens digit of o(g)?
9
Let k = 63 - 62. Let s = 1 + k. Suppose -s*z + 498 = 4*b - 308, 209 = b - z. What is the tens digit of b?
0
Let z(u) = u + 15. Suppose 2*f + 17 = 3*h, -7*h + 2*h = 5*f + 55. Let t be z(f). Suppose 5 = -t*m + 20, 2*m = 5*y - 309. What is the units digit of y?
3
Let s(i) = 30*i**2 + 3*i - 4. Let a be s(2). Suppose -10 = -a*u + 117*u. Suppose 4*t + 800 = 4*h, 3*t = -3*h - u*t + 608. What is the tens digit of h?
0
Let p(d) be the first derivative of 70*d**3/3 - 2*d**2 + 3*d + 18. What is the units digit of p(2)?
5
Suppose 12 = 9*x - 6. Let d = x + 3. Suppose -d*o = -156 - 199. What is the tens digit of o?
7
Let j = -12 - -8. Let g be (-10)/j*3072/120. Let w = 17 + g. What is the tens digit of w?
8
What is the hundreds digit of (55473/(-22))/(15/(-250))?
0
Suppose 2*y + 0*a - 29 = 3*a, 0 = 4*y - 5*a - 53. Suppose 7*i = -y*i + 742. What is the units digit of i?
3
Let u(q) = -6*q**2 + 143*q + 26. Let l(h) = -8*h**2 + 215*h + 39. Let v(p) = -5*l(p) + 7*u(p). What is the units digit of v(-22)?
7
Let q = -40 + 36. Let i(a) = -a**3 + 2*a**2 - 2*a + 8. What is the hundreds digit of i(q)?
1
Let i(b) = -30*b**3 - 3*b**2 - 4*b - 3. Let a be i(-3). Let u = a - 248. What is the tens digit of u?
4
Let m = 44 - 29. Suppose -m*j + 10*j + 2550 = 0. Let s = j - 364. What is the hundreds digit of s?
1
Let q(n) = 746*n + 3433. What is the units digit of q(10)?
3
Let f(w) = 2*w**2 - 11*w + 19. Let m be f(7). What is the hundreds digit of 20*(0 - (-65)/m)*12?
3
Suppose 3 = 2*p + 1. Let f(n) = -n**3 + 2*n**2 - n + 1. Let x be f(p). What is the hundreds digit of 100 + 3 + x + -3?
1
Let n(i) = -i**3 + 6*i**2 + i - 1. Let j be n(6). Suppose -3*r - 868 = -j*p, -p = p - r - 347. What is the tens digit of p?
7
Let a(s) = 4*s + 48. Let u(g) = -5*g - 49. Let t(p) = 6*a(p) + 5*u(p). What is the units digit of t(12)?
1
Let p = -1121 - -2185. Suppose g = -3*g + p. What is the hundreds digit of g?
2
Let d(l) = -l**2 - 17*l + 140. Let f be d(6). Suppose f*z - 4*b = 660, -985 = -z - 2*z + b. What is the units digit of z?
8
Let d(s) = 114*s**2 - 104*s + 185. What is the thousands digit of d(17)?
1
Suppose -4*r + 5*w + 7 = -8, 4*w = 4*r - 12. Suppose -3*p = 3*q - 1041, -4*p + 1384 = -r*q + 2*q. What is the units digit of p?
5
What is the thousands digit of (-312)/7*(-139 + -22)?
7
Let q = 19 - 19. Suppose -17 = -2*l - 3*i, q = -l - 5*i + 8 + 4. Suppose -144 = -3*f - 4*y - l, -y = 1. What is the units digit of f?
7
Suppose 0 = -2*s + 6, 21*s = -4*x + 16*s + 19459. What is the units digit of x?
1
Let g(m) = m + 35. Let i be g(-27). Let r(u) = 63*u + 133. What is the tens digit of r(i)?
3
Let a(f) = -2*f**2 - 33*f + 221. Let v be a(-32). Let l = v - -2015. What is the units digit of l?
4
What is the units digit of 21574*56/980 - (-18)/(-10)?
1
Let l be (-1 + 5)*25/40*4. Suppose -5*g - l = 30. Let b(q) = -q**3 - 4*q**2 + 11*q + 19. What is the units digit of b(g)?
7
Let v(b) = b**2 - 6*b + 71. Let d = -12 - -29. Let h be v(d). Suppose -12*o + h = -11*o. What is the tens digit of o?
5
Let c be 8/(-20) - (-3 - (-423)/5). Let h = c + 85. What is the tens digit of 1 + h + 97 - -4?
0
Suppose -14*f - 37945 + 217621 = 0. What is the thousands digit of f?
2
Let z(k) = -26*k - 13. Let w be z(-2). Suppose -5*v = -4*v - 2*l - 25, -v - 5*l = -w. What is the units digit of v?
9
Suppose -2*r = 303*r - 7643095 + 1572070. What is the hundreds digit of r?
9
Suppose 20 = -7*g + 90. Let v(t) = 17*t**2 - 12*t**3 - g + 10*t + 3 + 11*t**3. What is the hundreds digit of v(17)?
1
Suppose 5*i + 30 = 2*s, -35 = -3*s + 5*i - 0*i. Let b = 305 - 115. What is the units digit of b + 2 + -4 + s?
3
Let c(h) = -2*h**3 - 8*h**2 + 26*h + 9. What is the units digit of c(-14)?
5
Let v(i) = -30 - 19*i - 23 + 7 - 51*i. Let c be v(5). Let x = 609 + c. What is the units digit of x?
3
Let m = 639 + -646. Let a(v) = -148*v + 68. What is the hundreds digit of a(m)?
1
What is the hundreds digit of (18/((-1044)/(-142535)))/((-1)/8*-2)?
8
Let n be 2/2 - (2 + -1 - 13). Let w(p) = 3*p**2 - 8*p - 6. What is the hundreds digit of w(n)?
3
Suppose 0 = -2*m - 2*m - 5*t, 2*m + 2 = -3*t. Let z(n) = 3*n + 5*n**2 - 17*n**2 + 18*n**2 - 1 + 0*n - 3*n**2. What is the tens digit of z(m)?
8
Suppose 11*z - 229 = 145. What is the tens digit of z/4*(-5)/((-5)/14)?
1
Suppose -5*y - 96 = 3*y. What is the tens digit of 8/y*13125/(-14)?
2
Suppose 3*o + 15*n = 18*n + 3423, 0 = 4*o - 3*n - 4556. What is the hundreds digit of o?
1
What is the units digit of (-9 + -19 - -20122)/((-4)/(-6))?
1
Let b(y) be the first derivative of 949*y**4/2 - 2*y**3 + 2*y**2 + 2*y - 171. What is the hundreds digit of b(1)?
8
Suppose 5*y - 31236 = 3*c, 15829 = 2*y + 3*c + 3343. What is the units digit of y?
6
Let i(r) = -r**3 + 20*r**2 + 30*r - 18. Let j be i(20). Suppose -3*b + 4*n + j = n, 5*b - n = 982. What is the tens digit of ((-45)/10)/3 - b/(-2)?
9
Let r(d) = 18*d**3 + 25*d**2 - 134. What is the thousands digit of r(9)?
5
Suppose -314812 = -95*k + 40*k - 36402. What is the units digit of k?
2
Suppose 170*l = 174*l - 388. Suppose -d = -z + l, 295 = 3*z - 0*z - 2*d. What is the units digit of z?
1
Suppose -101055 = -91*s + 1310699 - 193082. What is the ten thousands digit of s?
1
Let y = 7306 - 1298. What is the units digit of y?
8
Let z(x) = -x**3 + 8*x - 9. Let f be z(2). What is the units digit of (-2 - f)*(-9 - (-11 + 3))?
1
Let b(j) = 7*j**2 + 6*j + 487. Let r(l) = -5*l + 35. Let c be r(8). Let m(f) = 4*f**2 + 3*f + 243. Let k(u) = c*m(u) + 3*b(u). What is the units digit of k(0)?
6
Let j(l) = 13*l + 2. Let h be j(10). Let m = h + -16. Suppose g + 3*g = m. What is the units digit of g?
9
Let x(d) = 14*d + 77 + 17 + 3. What is the tens digit of x(21)?
9
Suppose 14*t - 76551 = 35799. What is the tens digit of t?
2
Suppose 13*x = 17*x + 20. Let m be -3 + 855 + (-10)/x. Suppose -2*h + 3*s + m = 3*h, 5*h - 4*s - 857 = 0. What is the hundreds digit of h?
1
Let y = -24168 + 45431. What is the hundreds digit of y?
2
Let n(q) = q**3 - 4*q**2 - 6*q - 15. Let t be n(7). Let z = 603 - t. What is the units digit of z?
3
Let h(n) = 2*n**3 - 12*n**2 - 10*n - 3. Let d be h(7). Suppose 5 = t - 5*l + d, 0 = -3*t - 4*l - 60. What is the hundreds digit of (-693)/(-5) + 12/t?
1
Suppose 4*s = -3*z + 44203 - 17847, 3*z + 3*s - 26364 = 0. What is the hundreds digit of z?
7
Let g(p) = -18*p + 25. Let f be g(-3). Let k be 7 + -2 + -3 - -657. Suppose f - k = -5*a. What is the hundreds digit of a?
1
Suppose -5*c + 5942 = -j - 2*j, 5*j = 3*c - 3562. What is the tens digit of c?
8
What is the units digit of (20/25)/((32/(-99870))/(-16)*2)?
4
Let l be ((-7)/(-2))/(14/8). Suppose l*b - 4*j = 4*b - 468, b - 230 = 2*j. What is the hundreds digit of b?
2
Suppose 0 = -t - 4*n + 7293, 18096 = -5*t + n + 54519. What is the tens digit of t?
8
Let s = -1404 + 10861. What is the thousands digit of s?
9
Let c(p) = -30*p - 75. Let t(b) = -3*b**3 - 29*b**2 - 15*b + 20. Let d be t(-9). What is the units digit of c(d)?
5
Let q(v) = -15*v - 152. Let n be q(-13). What is the hundreds digit of (28294/n)/(2/3)?
9
Let s = -121 + 497. Let c be ((-8)/5)/((-20)/50). Suppose 8 = c*v - s. What is the units digit of v?
6
Let t(x) = 9*x**2 + 173*x + 124. What is the units digit of t(-21)?
0
Let o(x) = x**3 + 2*x**2 - 5*x + 1. Let p be o(0). What is the units digit of (0 + 2 + -1)/(p/182)?
2
Let i = 47 - -243. Suppose 4*k = v + i + 137, 0 = -v + 1. What is the tens digit of k?
0
Suppose 73266 = 13*r + 19524. What is the units digit of r?
4
Suppose -47*t + 52*t - 16575 = 0. What is the thousands digit of t?
3
Suppose 63 = -14*n + 5*n. Let j be (-42)/(n/(-3) - 3). Let l = j - 59. What is the units digit of l?
4
Let p(a) = 79*a